 what is 33540 - 63?
33477
In base 5, what is -4333031 + 34?
-4332442
In base 13, what is 24a2a - 1?
24a29
In base 14, what is b395 - 8?
b38b
In base 16, what is -80 + 1509?
1489
In base 13, what is -11696 + 6?
-11690
In base 3, what is 10022111120 - -1?
10022111121
In base 6, what is -133501 + 30?
-133431
In base 15, what is -448e + -2a?
-44b9
In base 13, what is 7cb5 + 3?
7cb8
In base 2, what is 10011101 - 1101100?
110001
In base 7, what is -4 - 6005021?
-6005025
In base 8, what is 52 + 53701?
53753
In base 3, what is 1021111200 + 120?
1021112020
In base 2, what is 110101000 + -10100001?
100000111
In base 10, what is -5 - 613?
-618
In base 3, what is -202 - 10021210010?
-10021210212
In base 5, what is -401423 + -1211?
-403134
In base 14, what is -6 + 1d03?
1cdb
In base 3, what is -12 - 111211102211?
-111211110000
In base 9, what is -6 - 32746?
-32753
In base 6, what is -144323325 + -4?
-144323333
In base 4, what is -212220032 - 2?
-212220100
In base 16, what is -1a - -68dd?
68c3
In base 13, what is 1 + -98959?
-98958
In base 15, what is 26ae + 9?
26b8
In base 12, what is 56 - -1a7?
241
In base 15, what is -18 + 10eb4?
10e9b
In base 14, what is 0 + 3ad?
3ad
In base 10, what is 3 + 217377?
217380
In base 4, what is 302 - -23330213?
23331121
In base 7, what is -1601 - 102?
-2003
In base 3, what is 11 + -100020010?
-100012222
In base 12, what is a + -6a214?
-6a206
In base 2, what is -110010101100 + 110?
-110010100110
In base 7, what is -1063 + -4563?
-5656
In base 8, what is 17646 - -3?
17651
In base 11, what is -64847 - -5?
-64842
In base 8, what is -601301 + 14?
-601265
In base 2, what is -101011101100 + 110100?
-101010111000
In base 9, what is 527 - 2048?
-1421
In base 3, what is -2 - 1121002111101?
-1121002111110
In base 4, what is -221 - 232020?
-232301
In base 10, what is -111 + -945?
-1056
In base 8, what is -1 + -702?
-703
In base 8, what is 32 - -11151?
11203
In base 15, what is 15480 - 5?
1547a
In base 7, what is -5 + 1015555?
1015550
In base 6, what is 11350 + 220?
12010
In base 4, what is 20321 + 200?
21121
In base 7, what is 55654 + 342?
56326
In base 7, what is -1220 + -4?
-1224
In base 13, what is 818 - 47?
7a1
In base 16, what is -51 - -2ae4?
2a93
In base 16, what is 2b23 + 5?
2b28
In base 5, what is 11 + 131204?
131220
In base 5, what is 302330 - 3110?
244220
In base 7, what is 1 - -1244366?
1244400
In base 15, what is -b28d - -3?
-b28a
In base 15, what is -1 - 400e?
-4010
In base 8, what is 103 + 117?
222
In base 8, what is -25363 + -174?
-25557
In base 9, what is -77 + 28842?
28754
In base 8, what is 253 - -40462?
40735
In base 2, what is 0 + 101101011111110?
101101011111110
In base 15, what is -24e8 + -7d?
-2576
In base 9, what is 3 + 634872?
634875
In base 11, what is 23 + 11043?
11066
In base 9, what is 5 + -270082?
-270076
In base 8, what is -2 - 11130?
-11132
In base 3, what is 11 - -12200011001?
12200011012
In base 7, what is -3632 + 36?
-3563
In base 13, what is -345 + -55a?
-8a2
In base 14, what is -60d + 19?
-5d4
In base 4, what is -2 + -1121020330?
-1121020332
In base 11, what is 24282 - -6?
24288
In base 2, what is -11 - 11001011110111110?
-11001011111000001
In base 10, what is 15368 - -5?
15373
In base 4, what is -21 - 111211?
-111232
In base 15, what is 41c3 + 3?
41c6
In base 14, what is -875ac2 - 1?
-875ac3
In base 3, what is -1022000211 - -12?
-1022000122
In base 15, what is 13 + -e7d?
-e6a
In base 6, what is -44333 + -1114?
-45451
In base 6, what is 140054 + 0?
140054
In base 12, what is 97 - 1a3b?
-1964
In base 3, what is 1121111100 - 2200?
1121101200
In base 7, what is 14 - 2026?
-2012
In base 14, what is -3a7 + 174?
-233
In base 9, what is -235 + 222?
-13
In base 16, what is 15 - 6d41?
-6d2c
In base 8, what is -6 - -21770?
21762
In base 12, what is -7 + 826?
81b
In base 13, what is -343 - -21?
-322
In base 13, what is 185a - c?
184b
In base 8, what is 67 - 46731?
-46642
In base 9, what is -26653 + 16?
-26636
In base 12, what is 173 - -253?
406
In base 8, what is -70124 + -5?
-70131
In base 2, what is 10111101 + 11011001011011?
11011100011000
In base 6, what is -1215440 + 102?
-1215334
In base 2, what is -10010 + 111011101010?
111011011000
In base 7, what is -152 - 2?
-154
In base 13, what is a0 - -1?
a1
In base 10, what is 539299 + 3?
539302
In base 14, what is 6d5d0 + -5?
6d5c9
In base 2, what is 101 - 101111101000111?
-101111101000010
In base 10, what is -963 + 5?
-958
In base 7, what is 12 - -4364?
4406
In base 11, what is -5 + -15948?
-15952
In base 12, what is -672 - -307?
-367
In base 2, what is -100 - 10101001100111101?
-10101001101000001
In base 16, what is -13a9 + -b?
-13b4
In base 13, what is -563 + -58?
-5bb
In base 15, what is 15c + 7?
164
In base 14, what is 390 - a?
384
In base 2, what is 111 - -100011000?
100011111
In base 9, what is -262164 + 31?
-262133
In base 6, what is 5 - 1112?
-1103
In base 13, what is 65 - -442?
4a7
In base 5, what is 1 + 300400?
300401
In base 11, what is -235097 - 4?
-2350a0
In base 10, what is 1 - -101607?
101608
In base 10, what is -26265 + 68?
-26197
In base 6, what is -1121 - -10535?
5414
In base 8, what is 13560 - 5?
13553
In base 14, what is 6 - 3b2a?
-3b24
In base 13, what is -23b03b - -1?
-23b03a
In base 13, what is 47b4 + 198?
497c
In base 8, what is 14 - 560?
-544
In base 2, what is -10101 + 1000010101?
1000000000
In base 2, what is -1100001001000 + 1?
-1100001000111
In base 2, what is 1101101101 - 1010?
1101100011
In base 3, what is -1 - 1112200221?
-1112200222
In base 3, what is 11 + 1221012212201?
1221012212212
In base 10, what is 0 - -472118?
472118
In base 15, what is 2e + -8e9?
-8ba
In base 6, what is -13124324 - 0?
-13124324
In base 12, what is -68440 + 2?
-6843a
In base 13, what is 39 - -953?
98c
In base 4, what is -1020231032 + 11?
-1020231021
In base 10, what is 102583 - -4?
102587
In base 8, what is 1014113 - -4?
1014117
In base 6, what is -3201 + -25?
-3230
In base 9, what is -2 - -627065?
627063
In base 12, what is -4 - -53718?
53714
In base 12, what is 1036 + 177?
11b1
In base 12, what is 12a6a8 + -2?
12a6a6
In base 4, what is 2220 - -103200?
112020
In base 7, what is 645302 + 3?
645305
In base 16, what is -1dc + -213?
-3ef
In base 10, what is 4 + -117?
-113
In base 12, what is -3 - 7879?
-7880
In base 6, what is 20052425 + -4?
20052421
In base 4, what is -30120110 - -10?
-30120100
In base 9, what is -180 - -1080?
800
In base 14, what is -349 + -36b?
-6b6
In base 13, what is 186 - -3a?
1c3
In base 4, what is 11020210 + -2?
11020202
In base 12, what is -38a0 - -8?
-3894
In base 4, what is -10200111231 + 2?
-10200111223
In base 3, what is 111022 + 200?
111222
In base 8, what is 7 + -161375?
-161366
In base 9, what is 455587 + 0?
455587
In base 15, what is 5e08d - 3?
5e08a
In base 16, what is 9 - 10d7?
-10ce
In base 2, what is -111010000 - -101100?
-110100100
In base 6, what is -3423 - 1220?
-5043
In base 3, what is 21002001 - -200?
21002201
In base 2, what is -11111111000 - 1000011?
-100000111011
In base 4, what is 131 + -1112021?
-1111230
In base 13, what is 42 + -9ca?
-988
In base 8, what is -53 - -447?
374
In base 16, what is 5 - 768f?
-768a
In base 14, what is b8 + -224?
-14a
In base 2, what is -10000 + -11010001110011?
-11010010000011
In base 5, what is 104040023 + -1?
104040022
In base 14, what is a854 - -c?
a862
In base 6, what is 542 + -1531?
-545
In base 14, what is 2da45 - 12?
2da33
In base 3, what is 0 - -21202112012?
21202112012
In base 12, what is 3a6a + -a2?
3988
In base 12, what is -149b + a?
-1491
In base 12, what is -1a677 - 0?
-1a677
In base 12, what is 20b226 + 3?
20b229
In base 15, what is 1e08 - -1ee?
2107
In base 3, what is 111212 + -211?
111001
In base 16, what is 40 + 2d2?
312
In base 3, what is -12 - 1220212010002?
-1220212010021
In base 14, what is -168 - -161?
-7
In base 3, what is -1001 - -1001021210?
1001020202
In base 13, what is 1863969 + -2?
1863967
In base 3, what is -22010220 - 2212?
-22020202
In base 12, what is -4509 - 7?
-4514
In base 10, what is 24977 - 2?
24975
In base 15, what is -28 - -22a?
202
In base 16, what is 68 + 302?
36a
In base 14, what is 3127 + 106?
322d
In base 7, what is -44 + 225?
151
In base 8, what is -2424056 + -13?
-2424071
In base 10, what is -5975 - 10?
-5985
In base 8, what is -7 